 y(i).
5
Let i(k) = k**2 + 8*k - 20. Suppose -2*s = 2*s - 3*m + 46, s = -5*m. Give i(s).
0
Let w(b) = -b - 15. Let x(p) = -5. Let i(a) = -w(a) + 3*x(a). Calculate i(-5).
-5
Let f(v) = v**3 + v**2 - 2*v + 6. Let o = 2370 + -2370. What is f(o)?
6
Let q be -15*(-1)/(30/9)*-2. Let r be ((-8)/3*q/6)/(-2). Let l(f) = -f + f**2 - 1 + 0*f**2 + 0*f. Calculate l(r).
5
Let v(l) = -l**2 - l. Let z(p) = 4*p**2 + 7*p + 1. Let d(x) = -5*v(x) - z(x). Let w(c) = 2*c. Let h be w(2). Suppose -h*k - 6 = -k. What is d(k)?
7
Suppose -12*w = -3 + 15. Let f(b) = -7*b. Give f(w).
7
Suppose 17*p - 35 = 10*p. Let t(d) = 3 - p - 2*d - 852*d**2 + 850*d**2. Determine t(-3).
-14
Let i(a) = -5*a**2 + a + 11. Let h(m) = 5*m**2 - m - 13. Let u(z) = -5*h(z) - 6*i(z). Let g be -3 + 1 + 2 + 5. Suppose 0 = k - g, -c - 2*k + 0 = -9. Give u(c).
5
Let t(p) = -p**2 + 8*p - 5. Let z = -12 + 17. Give t(z).
10
Let z be (-15 + 16)*(3 + 6/3). Let q(x) = x**3 - 6*x**2 + 7*x - 5. What is q(z)?
5
Let y = -4 - -6. Suppose -y*d + 4 = -d. Let s be (-10)/4*(-8)/d. Let w(n) = -n - 3. Calculate w(s).
-8
Let t be (-21)/42 + (-22)/(-4)*1. Suppose -t = -5*v - 15. Let d(j) = 3*j + 2. Determine d(v).
-4
Suppose 240 - 723 = 23*f. Let s(a) = a**2 + 21*a - 11. What is s(f)?
-11
Let u(s) = -2*s**3 + 12*s**2 + 2*s - 8. Let v be u(6). Suppose v*d = 3*x - 26, 0 = -4*x + 4*d - 0*d + 28. Let b(n) = n**3 + n**2 - 3*n + 3. Determine b(x).
9
Let o(l) = l**2 + 6*l - 2. Let i be (-4)/((-16)/4) + -1. Let m be (-1 - i)/(8/48). What is o(m)?
-2
Let z be 2*5*1/(-2). Let u(i) = i**2 - 5*i + 6. Let p be u(4). Let g(v) = 32*v**p - 6 + 1 + 2*v + v**3 - 26*v**2. Determine g(z).
10
Let b(s) = s**2 + 11*s + 1. Let g(k) = -k**2 - 12*k - 3. Let i(z) = 3*b(z) + 2*g(z). Calculate i(-9).
-3
Let x(o) = 11*o - 56. Let z(c) = -7*c + 37. Let g(w) = 5*x(w) + 8*z(w). Calculate g(8).
8
Suppose -2*k - 53 + 20 = -5*t, -32 = -4*t + 3*k. Let u(j) = 138*j - 69*j + 2 - 70*j. What is u(t)?
-3
Let q(a) be the second derivative of a**6/360 + a**5/15 + 5*a**4/24 + 5*a**3/2 + 28*a. Let p(n) be the second derivative of q(n). What is p(-5)?
-10
Let f = -275 + 267. Let o(n) = -2*n - 3. Determine o(f).
13
Let t be (-1)/(2 - 6) + 1113/12. Let n = t - 88. Let g(b) = b**3 - 5*b**2 + 6. Calculate g(n).
6
Let s(w) = -w**3 - 5*w**2 - 4*w - 6. Suppose 2*m + 257 + 11 = -2*n, 3*m - 5*n = -434. Let r = 134 + m. Calculate s(r).
-6
Let o(m) = -m + 1. Let q = -17 + 16. Let j(v) = -v + 12. Let c(y) = q*j(y) + 3*o(y). Determine c(-7).
5
Let d(m) = -7*m**2 - 26*m**3 + m - 10*m**2 + 6*m**2 + 15 + 25*m**3. Calculate d(-11).
4
Let n(k) = -2*k**2 - k + 3. Let l(w) = w + 11. Suppose -5*s = -5 - 10. Suppose -2*r - 3*i + 8*i - 13 = 0, 0 = -r - s*i - 23. Let m be l(r). Determine n(m).
-12
Let j = -13 - -16. Suppose 2*u + o = u - 2, j*u = -2*o - 2. Suppose 0 = 3*x - 4*x + 1, 2*n - 4 = -u*x. Let m(s) = -4*s**3 - 1. Give m(n).
-5
Suppose -11*x + 3*x = -232. Suppose 2*k - 3*o = -x, 11*k + 50 = 6*k + 3*o. Let n(y) = y + 6. Determine n(k).
-1
Let y(z) = -z**3 + 10 - 21 - 9*z + 4 + 10*z**2 + z. Let d(i) = i**2 - 4*i - 3. Let p be d(-2). Determine y(p).
2
Let v(f) be the second derivative of f**4/12 - f**3 - 7*f**2/2 + 52*f. Determine v(5).
-12
Let l(h) = h**3 - 7*h**2 + 7*h - 11. Let w be 4 + -4 - -3*2. What is l(w)?
-5
Let n(t) = -t**2 + t + 1. Let o(h) = 4*h + 8. Let v be o(-4). Let q be (v/12)/(4/6). Determine n(q).
-1
Let q(k) = 6*k - 66. Let l(m) = -7*m + 66. Let n(p) = -3*l(p) - 4*q(p). Let w be n(21). Let a(y) = y**2 - y - 3. What is a(w)?
3
Let o(g) = -g - 26 - g**3 + 7*g + 6 + 16*g**2 + 12*g. Let c be o(17). Let r(w) = 4*w + 2 - 4*w - w. Calculate r(c).
5
Let b be 7 + (50/(-20) - 2/4). Suppose 0 = -3*v - 4*l + 7, -b*v + 4*l - 2 = 26. Let t(n) = -n + 3. Calculate t(v).
6
Let p(o) = 2*o - 3. Let j = -34 + 37. Suppose 0*v = -v - 2*w - 3, -j*w = -v + 17. Calculate p(v).
7
Suppose -9*o - 5*o = 0. Suppose -b - 4 = -y - 11, y + 2 = o. Let a(f) = -f**2 + 2*f + 5. Give a(b).
-10
Let g(x) = -x**2 - x + 5. Suppose 4*k - 2*k - 6 = 0. Suppose -v + 4*d = k + 9, 2*d = 5*v + 6. Let a be g(v). Let l(i) = i**2 - 5*i - 2. Give l(a).
-2
Let h be ((-27)/(-2))/((-12)/(-16)). Suppose 3*j - h = -0. Let o(i) = -i + j - 7 + 3*i + 0*i. Give o(-5).
-11
Let h(p) = p - 2*p - 3 - 2*p - p**2. Suppose 122*u + 64 = 106*u. Determine h(u).
-7
Let o(p) = -15*p**3 - 5*p**2 - 4*p + 10. Let f(m) = 26*m**3 + 10*m**2 + 8*m - 20. Let w(b) = 4*f(b) + 7*o(b). Determine w(5).
10
Let i(n) = 2*n - 22. Let h(u) = -26*u + 275. Let j be h(10). What is i(j)?
8
Suppose 4 = 5*t + 39. Let g(m) = m**2 + 9*m + 8. What is g(t)?
-6
Suppose 3*w = i + 9, 4*w - 17 = -2*i - 5. Suppose -w = 3*l - 6*l. Let q be l + -5 + 2 + 1. Let f(c) = 15*c**2 + 2*c + 1. Calculate f(q).
14
Let a = 453 - 455. Let h(t) = -t**2 + 6*t + 10. What is h(a)?
-6
Let b(n) = -2*n**3 - 4*n**2 - 4*n - 29. Let k(t) = -3*t**3 - 5*t**2 - 5*t - 30. Let h(u) = -4*b(u) + 3*k(u). Calculate h(0).
26
Let w be (3/(-12))/(4/(-112) + 0). Suppose -7*x + w = -0*x. Let j(c) = 1 + 5*c + 8*c - 5*c. Calculate j(x).
9
Suppose -3*p - 1 + 28 = 0. Let s = p - 10. Let f be -3 - s/(1/(-1)). Let m(c) = c**3 + 4*c**2 - 2*c - 2. What is m(f)?
6
Let z(f) be the third derivative of -1/12*f**5 - 1/120*f**6 + 0*f + 0 - 1/4*f**4 - 10*f**2 - 2/3*f**3. Suppose -4*a + 4 = 2*r, -r + a - 4 - 3 = 0. What is z(r)?
4
Let v(d) = -d**2 + 8*d - 7. Suppose 0 = 3*n + 4*c - 228, -n = 3*n + c - 304. Let q = n - 70. What is v(q)?
5
Let z = 9 + -5. Suppose -4*t - z = 16. Let v(g) = -g**2 - 5*g - 24. Let o(l) = 2*l**2 + 10*l + 45. Let a(u) = -6*o(u) - 11*v(u). Give a(t).
-6
Let d(w) = -w**2 + 30*w + 165. Let o be d(35). Let m(i) = -3*i - 11. What is m(o)?
19
Suppose -2*s = -5*r + 18, -s - 8 = s. Suppose 2*g = -4*g + 30. Let a(y) = -g + 3*y + y + 0*y - y**r. Give a(5).
-10
Let b(p) = 9 - 7*p**2 - 12*p**3 - 6 - 8 + 9*p + 11*p**3. What is b(-8)?
-13
Let j(w) = 4*w**2 - 2*w**3 + w**3 - 2 + 3*w + 2*w**3 + 0. Let o be j(-3). Let i be o - -1*(2 - 3). Let z(p) = -p - 2. Calculate z(i).
1
Let m = -711 + 708. Let z(b) = 7*b - 4. Determine z(m).
-25
Let b = -9 + 13. Suppose b*y - 12 = y. Let n(k) = -y*k + 1 - 2*k - 3 + 3. Give n(1).
-5
Let y = -83 - -83. Suppose -14 = -2*j - y. Let a(m) = m**2 - 9*m + 8. Give a(j).
-6
Suppose 2*w = 5*r + 3*w + 10, 0 = -w. Let x(g) = 5*g**2 - 10*g - 35. Let o(t) = t**2 - t - 6. Let s(j) = 6*o(j) - x(j). Determine s(r).
-5
Let h(z) = 2*z**2 - 7. Suppose 0 = 3*n - 2*u + 5, -n + 2 = n - 4*u. Calculate h(n).
11
Suppose -18 = -2*m - 6. Let j = m + -4. Suppose 0 = 4*d + 2*n + 16, -j*d = -2*n - 1 + 21. Let o(t) = -t**2 - 5*t - 9. Determine o(d).
-15
Let a(s) = -s**3 + 7*s**2 - 8*s - 1. Let w = 627 + -621. Calculate a(w).
-13
Let o(b) = -b**3 + 2*b - 4. Let y(d) = 4*d**3 + d**2 - 7*d + 17. Let z(a) = -9*o(a) - 2*y(a). Calculate z(3).
-1
Let c(q) = -2*q**3 - 2260*q**2 + 0*q**3 + 2 + 3*q**3 + 2258*q**2 + 3*q - 3. Give c(2).
5
Let u(j) = 155*j - 316*j + 164*j + 1. Calculate u(-4).
-11
Suppose 9*c - 8*c = -2*k + 31, -4*c + 5*k = -98. Let t(n) = 5 + c*n + 22*n - 51*n + 1. Calculate t(6).
-6
Let n be (3 + 1 + -8)/2. Let x be n/(-10) - 6/30. Let j(h) = x + 2 + 4*h - h**2 - 9*h. Calculate j(-5).
2
Let u = -75 + 82. Let a(d) = 4*d**2 - 10 + u*d + 5*d**2 - 10*d**2. Calculate a(4).
2
Let t(m) = 19*m + 92. Let h be t(-5). Let n(v) = -3*v - 6. What is n(h)?
3
Suppose -5*j + g = -6*j + 15, -j = -4*g - 15. Suppose -2*b = -0*b - 18. Suppose 6*z - b*z = -j. Let t(q) = -2*q + 7. What is t(z)?
-3
Let j be (-194)/(-18) - (-18)/81. Suppose j*x = 14*x - 6. Let d(l) = 1 + 5*l + l**2 - 5*l**2 + 3*l**x. Give d(5).
1
Let n be (-6)/(-4)*(-1 + -1). Let o(r) = r**2 - 8*r + 24. Let x be o(4). Let g(v) = v**2 + 0*v + 0*v**2 + x - 7 + 4*v. Give g(n).
-2
Let l = 587/1020 + -19/34. Let v(c) be the third derivative of -l*c**6 + 0*c + 1/12*c**4 + 0 + 1/6*c**3 + 0*c**5 + 2*c**2. Give v(-1).
1
Let v(s) be the third derivative of -s**6/120 - 2*s**5/15 - s**4/6 + 5*s**3/3 - 224*s**2. Calculate v(-7).
-11
Suppose -3*x = -13 - 8. Let a(o) = -9*o + 46. Let k(w) = 8*w - 39. Let u(m) = 6*a(m) + 7*k(m). What is u(x)?
17
Let a(z) = -z**2 - 5*z + 4. Suppose -2*l = 2*y, -2*l + 4*y = y. Let s(d) = d**3 + d**2 - 2*d - 6. Let x be s(l). Calculate a(x).
-2
Let w(m) = 8*m + 48. Let q(l) = l**3 + 9*l**2 - 9*l + 4. Let s be q(-10). Calculate w(s).
0
Le